z(a).
-3
Let v(h) = h**3 + 3*h**2 - 4*h + 1. Let n(x) = -x**2 + 6*x - 1. Let y be n(11). Let c = y + 53. What is v(c)?
13
Let c(j) = -5*j + 43*j**2 - 8 + 33*j**2 - 75*j**2. Let n be c(6). Let f(r) = -3*r**3 + 2*r**2 + 2*r + 1. Calculate f(n).
29
Suppose 2*o + 7 = -2*u - u, -u = o + 1. Suppose o*a + 4 = 8*a. Let x(c) = -7*c**2 + 2*c - 1. Give x(a).
-6
Let j(q) = -q**2 - 2 - q**2 + q + q**2 + 0. Let y be (20/4)/(2/(-4)). Let h = -8 - y. Determine j(h).
-4
Let w(n) = -n**2 + 25*n - 10*n + 12 - 9*n. Determine w(7).
5
Let b(w) be the third derivative of 0 + 1/120*w**6 + 0*w**4 + 1/12*w**5 - 9*w**2 + 0*w + 7/6*w**3. What is b(-5)?
7
Let c(z) = -z**3 + z + 6. Let o(a) = -a**2 + 11*a. Let p be 4/18 - (-588)/27. Suppose 4*s + t - 44 = 5*t, -2*t = 2*s - p. Let j be o(s). Give c(j).
6
Let v(y) = 11*y - 3. Let u(w) = -32*w + 9. Let g(i) = -6*u(i) - 17*v(i). Let l(n) = -5*n + 4. Let s(d) = 5*g(d) + 4*l(d). Give s(-2).
-9
Let q be 12 + 0 + 0 + 3. Let z = q - 21. Let c(g) = -4*g**3 + 8*g**2 - 6*g - 5. Let v(i) = -5*i**3 + 9*i**2 - 7*i - 6. Let m(b) = z*c(b) + 5*v(b). Give m(-3).
-3
Let b = 27 - 27. Let v(n) = 517*n + b*n**2 - 2*n**2 + 1 - 520*n. Calculate v(-3).
-8
Let c = 782 - 786. Let a(p) = -p**3 - 6*p**2 - 7*p - 6. Give a(c).
-10
Let d(a) = -a**3 - 5*a**2 + 6*a - 1. Let w(t) = t**2 - 14*t - 26. Let u be w(19). Let b = u - 75. Calculate d(b).
-1
Let t(b) = 8*b + 9. Let k(q) = -23*q - 27. Let s(o) = -6*k(o) - 17*t(o). Let a = 3132 - 3139. Give s(a).
-5
Suppose -77 - 27 = 13*t. Let z(f) = f**3 + 7*f**2 - 8*f - 5. Give z(t).
-5
Let x(y) = y**2 - 18. Suppose 0 = -q + 2*w - 2, 0 = 25*q - 21*q - 5*w + 5. Calculate x(q).
-18
Let c(a) = 352 + a - a - a**2 - 8*a - 362. Give c(-4).
6
Suppose 0 = -3*y - 2*f - 0 + 4, 3*y + 3*f = 3. Let b(d) = -7*d + 9 - 4*d + 0*d + d**y. What is b(10)?
-1
Let m be (-3)/(-2)*(-5 + (-38)/(-6)). Let w(c) = c + 2*c**m - c**2 - 3*c**2. Calculate w(-3).
-21
Let k be 20/(-40) - (-10)/4. Let s(t) = -31*t + 4. Determine s(k).
-58
Let d(x) be the third derivative of -x**6/120 - 2*x**5/15 + x**4/12 + 11*x**3/6 - x**2. Let v be (184/(-69))/((-4)/(-12)). Give d(v).
-5
Let c(b) = 16*b + 7. Let d(f) = -13*f - 6. Let n(p) = 5*c(p) + 6*d(p). What is n(2)?
3
Let k(w) = w + 3*w + w + 0*w - w**2 - 5. Let b be -1*((-3)/3 - 2). Suppose -4*d + 4*r + 8 = -0, 3*r = -b*d + 18. Determine k(d).
-1
Let j(n) = -14*n + 46. Let l(p) = 10*p - 46. Let g(y) = 5*j(y) + 6*l(y). What is g(-4)?
-6
Let f(j) = 4*j**3 - 49*j**2 - 30*j + 32. Let p(g) = -g**3 + 16*g**2 + 10*g - 11. Let z(y) = -2*f(y) - 7*p(y). Calculate z(-13).
-26
Let r(g) = -g**2 + 4*g - 6. Suppose -2*f + 60 = 42. Let n be f + -2 + 12/(-4). Calculate r(n).
-6
Let u = -41 + 44. Let j be -2 + 4/(-1) + u. Let i(f) = f**2 - 3. What is i(j)?
6
Let q(g) be the first derivative of -14*g**2 + 11*g**2 + 9*g - 27 - 10 + 4*g**2. What is q(-9)?
-9
Let d(i) = -8 + 4*i + 10 + 17. Let h(z) = -6*z - 28. Let c(f) = -7*d(f) - 5*h(f). What is c(-6)?
-5
Let y(z) = -947*z**2 + 947*z**2 + z - 1 - 3*z + z**3. What is y(-1)?
0
Let p(r) be the third derivative of r**5/120 - 3*r**4/8 - r**3/6 + 7*r**2. Let x(l) be the first derivative of p(l). Calculate x(8).
-1
Suppose -4 = 5*f - 24. Suppose -3*k = -4*d - 4, -f*k = -5*d - 5*k + 14. Let s(p) = -2*p**2 - 3*p + 2*p + 2*p + p**2 + 2. Give s(d).
0
Let x = -24 - -12. Let f(a) = a + 17. Let b be f(x). Let n(i) = -i**2 + 6*i - 7. What is n(b)?
-2
Let p(f) be the third derivative of f**4/24 + f**3 + 290*f**2. Calculate p(-7).
-1
Let a = 379/2280 + -3/19. Let h(z) be the third derivative of 5/3*z**3 + 1/4*z**4 - 8*z**2 + 0*z + 0 + 1/10*z**5 - a*z**6. Calculate h(7).
3
Let x = -2 - -3. Suppose 7 = -3*h + 4*h. Let u(m) = 12*m - m + 1 - h*m. Give u(x).
5
Let k(m) = 7*m**2 + 5. Let l(w) = 13*w**2 + 12. Let d(v) = 5*k(v) - 2*l(v). Give d(1).
10
Let u(i) = -i**3 - 10*i**2 - 10*i - 8. Let a be u(-9). Let k(r) = 3*r - 9*r**2 - 2*r + r**2. Let s be k(a). Let b(v) = v**3 + 7*v**2 - v - 1. What is b(s)?
6
Let a(s) = 4*s + 2 - 11*s**3 + s - s - 12*s**2 + 1. Let r(f) = 4 - 6 + 3*f**3 + 6*f**2 + 2*f**3 - 2*f. Let l(n) = -4*a(n) - 9*r(n). Determine l(-6).
-6
Suppose 4*r = 4*f - 52, 32 = -4*r - 18*f + 17*f. Let z(c) = c + 13. Calculate z(r).
4
Let f(o) = 1 - o + 5*o**2 + 0*o**2 + 0*o - o**3. Let k be f(5). Let t(i) be the first derivative of i**4/4 + i**3 - i**2 + 3*i - 282. Give t(k).
-5
Let a(p) = 4*p + 14. Let j be a(-3). Suppose -j*i - 3*z = -6*i + 23, -2*i - z = 1. Let n(w) be the first derivative of w**2/2 + 2*w - 2. Give n(i).
4
Let s(c) = c**3 + 7*c**2 - c. Let v be s(-7). Let l = 3 + v. Suppose 0 = -0*i + 2*i + l. Let b(z) = z**2 + 4*z - 6. Determine b(i).
-1
Let b(x) = -6*x**3 - 14*x**2 - 10. Let y(f) = -5*f**3 - 13*f**2 + f - 9. Let u(s) = 6*b(s) - 7*y(s). Give u(6).
-3
Let h(y) = -y - 3. Suppose -10*l + 15 = -7*l. Suppose l - 1 = g. Suppose 0 = -g*j + 20 - 4. Calculate h(j).
-7
Let d(c) = -2*c - 13. Let g = -1823 + 1806. Calculate d(g).
21
Let b(z) = -2*z. Suppose -4*u = 4*f + 16, 5*u = -2*f - 7 - 4. Give b(f).
6
Let w(i) = -2*i + 2. Let y be 4 + 4*-2 + 6. Suppose -40 = -5*p - 0*p - 5*n, -4*p - y*n + 26 = 0. Calculate w(p).
-8
Let x(j) = -9*j - 5. Let p(b) = 10*b + 7. Let l(k) = 2*p(k) + 3*x(k). What is l(-1)?
6
Let f be -1 + 3 + -3 - -2. Suppose b + 4*o = -11, 5*b - 3*o - 33 = 4. Let z(l) = 3*l**2 + 2 - b - l + 0 + 4. Determine z(f).
3
Let t be 14/63 + 74/(-9). Let i be t*(0 + -1)/(-2). Let u(z) = z**2 + 2*z - 4. Determine u(i).
4
Let m(y) = -5*y - y**2 - 4*y + y + 7. Let q be -4 - (0 + (-15)/(-3) + -1). Determine m(q).
7
Let c(f) = f + 1. Let y(v) = -8*v + 13. Let t(z) = -6*c(z) - y(z). Give t(10).
1
Let v(x) = -x**2 - 3*x + 21. Let m be v(-7). Let k(d) = 20*d**2 + 18*d - 10. Let o(q) = 7*q**2 + 6*q - 3. Let f(z) = -6*k(z) + 17*o(z). Calculate f(m).
2
Suppose -m + 5*m = 0. Let i(z) = 7*z + 3. Let s = -84 + 89. Let o(p) = 10*p + 5. Let b(u) = s*o(u) - 7*i(u). What is b(m)?
4
Suppose -2*s - 2 = 0, -3*s + 10 = 2*f - 5*s. Let n(x) = 7*x - 6. Let z(c) = 13*c - 11. Let m(i) = 11*n(i) - 6*z(i). Give m(f).
-4
Suppose 0 = 2*d + d + 18. Let j(q) = -21*q**2 + 4*q - 11*q**2 + 33*q**2 + 5. Give j(d).
17
Let o(g) be the third derivative of -g**6/120 - g**5/60 + g**4/6 - 4*g**3/3 - 779*g**2. Determine o(0).
-8
Let w(r) = -r**3 - 4*r**2 - r + 3. Let c be ((-17)/(-3) + -7)*(1 - -2). Give w(c).
7
Let s(j) = j - 4. Let i be -1*3/(10/16 + -1). Let a(p) = -3*p + 12. Let o(y) = i*s(y) + 3*a(y). Give o(-5).
9
Let q(v) = 3*v**2 - 4*v - 11. Let b(d) = -d**2 + d + 2. Let i(n) = 4*b(n) + q(n). Let y be (0/(-4))/(-1 - 1). Calculate i(y).
-3
Let l = -41 + 52. Let b(u) = 10*u**3 - 6*u**2 - 3*u. Let t(a) = 29*a**3 - 17*a**2 - 8*a. Let c(f) = l*b(f) - 4*t(f). Give c(1).
-5
Let l(t) be the second derivative of -t**4/12 - t**3/6 - 2*t**2 - 83*t. What is l(-2)?
-6
Let f(v) = -v**3 - v**2 + 2*v - 5. Let g be f(-3). Let t(u) = u + 4 - 4 + 5 - g. Give t(2).
0
Let u(o) = -2*o**3 - 2*o**2 + 4*o - 2. Let k = -814 + 816. Give u(k).
-18
Let t = 435 - 436. Let o(c) = 6*c - 2. What is o(t)?
-8
Let a be 18/((-1)/((-4)/(-6))). Let c(s) = s + 16. Let p be c(a). Suppose -p*h = -2*x + 13 + 3, -3*h - 3*x = 12. Let k(d) = d + 9. Calculate k(h).
5
Let i(f) = -f + 14. Let m be 1*(-8 - (1 + 0)). Let r be (-3 - m/3) + 11. Let v be i(r). Let n(u) = -u**2 + 6*u - 1. Calculate n(v).
8
Let a = 51 - 28. Suppose 3*d + 30 = 3*v, -d = -4*v + 5 + a. Let b(n) = 3 + 5*n**2 + 7*n - 2*n**3 + 2*n**3 - v*n**3 + 5*n**3. Give b(6).
9
Let t(a) = -a**3 + 6*a**2 + 8*a - 1. Let q be (6 - (-7 + 11))*7/2. Calculate t(q).
6
Let m(x) = 175 + 194 - x**2 - 389 - 8*x. Give m(-5).
-5
Suppose -4*j + 2 = -3*j + 4*y, 0 = -3*j - 2*y + 16. Let f(p) = 4*p + p + 1 - 4*p. What is f(j)?
7
Let k be -24 - -2 - (-24)/12. Let p be 105/(-25) - 4/k. Let w(v) = -3*v - 6. Give w(p).
6
Suppose 4*u + 9 = 2*w + 17, 2*u = -5*w - 8. Let t be u*(-1 - -3) + -4 + 3. Let g(p) = 11*p. Give g(t).
11
Let g(q) = 3*q - 19. Let l(v) = -2*v + 4. Let h(y) = g(y) + 2*l(y). What is h(8)?
-19
Let u(a) = a**2 + 2*a + 14. Suppose 0*w = 2*w. Let t be u(w). Let n(f) = 29*f**2 - f**3 - 9*f**2 - 5*f + 1 - t*f**2. Determine n(5).
1
Let q(a) = -3*a**2 - 2*a**2 + 0*a + 2*a + a**3 - 10*a + 14 + a. What is q(6)?
8
Let h be 0 + (-1 - (-4 + 4)). Suppose 0 = -p + 5 - 3. Let l(x) = -3*x**3 - 2*x**2 + 16*x**3 + 3*x**p - 1. 